{"id":69,"date":"2019-03-01T17:22:06","date_gmt":"2019-03-01T17:22:06","guid":{"rendered":"http:\/\/192.168.9.204\/wordpress\/?page_id=69"},"modified":"2023-02-08T09:47:17","modified_gmt":"2023-02-08T15:47:17","slug":"servicios-de-informacion","status":"publish","type":"page","link":"https:\/\/cenida.una.edu.ni\/index.php\/servicios-de-informacion\/","title":{"rendered":"Servicios de Informaci\u00f3n"},"content":{"rendered":"\n<h4 class=\"wp-block-heading\"><strong>Pr\u00e9stamo en Sala<\/strong><\/h4>\n\n\n\n<p> El Pr\u00e9stamo en sala consiste en brindarle al usuario las comodidades necesarias en la sala lectura para la consulta de libros que solicita. Todos nuestros usuarios tienen derecho a consultar en sala todo el acervo bibliogr\u00e1fico que est\u00e1 disponible para su consulta en las diferentes bases de datos bibliogr\u00e1ficas. <\/p>\n\n\n\n<h4 class=\"wp-block-heading\"><strong>Pr\u00e9stamo a domicilio<\/strong><\/h4>\n\n\n\n<p>Se entiende por pr\u00e9stamo a domicilio al proceso mediante el cual el ejemplar sale f\u00edsicamente de la biblioteca, quedando registrada esta acci\u00f3n en el sistema de pr\u00e9stamo, el cual consiste en : llenado de boleta de pr\u00e9stamo, firma de tarjeta de pr\u00e9stamo, autorizaci\u00f3n del documentalista e ingreso de datos en la base de datos de pr\u00e9stamo, Todo esto debe ir acompa\u00f1ado de carnet de identificaci\u00f3n del usuario y finalmente se guarda en el fichero debidamente indizado. El beneficiario de dicho pr\u00e9stamo es responsable de su conservaci\u00f3n y devoluci\u00f3n en el plazo establecido.<\/p>\n\n\n\n<h4 class=\"wp-block-heading\"><strong>Pr\u00e9stamo interbibliotecario<\/strong><\/h4>\n\n\n\n<p>El servicio de Pr\u00e9stamo Inter-bibliotecario tiene como objetivo fundamental, proporcionar aquellos materiales que no se encuentran disponibles en nuestra biblioteca y que pueden ser prestados temporalmente por otra biblioteca con la cual se ha establecido convenio, respetando las normas de pr\u00e9stamo de cada centro de documentaci\u00f3n. <a href=\"https:\/\/cenida.una.edu.ni\/index.php\/prestamo-interbibliotecario\/\">Leer m\u00e1s.<\/a><\/p>\n\n\n\n<h4 class=\"wp-block-heading\"><strong>Reporte de similitud con Turnitin<\/strong><\/h4>\n\n\n\n<p>Es un servicio novedoso que el CENIDA ofrece a estudiantes y docentes. Los gestores de informaci\u00f3n generan un reporte de similitud a trav\u00e9s de la herramienta Turnitin Feedback Studio y se la entregan o remiten al usuario solicitante.<\/p>\n\n\n\n<h4 class=\"wp-block-heading\"><strong>Servicio de escaneo e impresi\u00f3n<\/strong><\/h4>\n\n\n\n<p>Ambos servicios se prestan en el Centro de C\u00f3mputo. En el caso de el escaneo el valor por hoja es de cuatro c\u00f3rdobas. Mientras que la impresi\u00f3n tiene un valor de dos c\u00f3rdobas por hoja en blanco y negro.<\/p>\n\n\n\n<p><\/p>\n","protected":false},"excerpt":{"rendered":"<p>Pr\u00e9stamo en Sala El Pr\u00e9stamo en sala consiste en brindarle al usuario las comodidades necesarias en la sala lectura para<\/p>\n","protected":false},"author":1,"featured_media":0,"parent":0,"menu_order":0,"comment_status":"closed","ping_status":"closed","template":"","meta":{"colormag_page_container_layout":"default_layout","colormag_page_sidebar_layout":"default_layout","footnotes":""},"class_list":["post-69","page","type-page","status-publish","hentry"],"_links":{"self":[{"href":"https:\/\/cenida.una.edu.ni\/index.php\/wp-json\/wp\/v2\/pages\/69","targetHints":{"allow":["GET"]}}],"collection":[{"href":"https:\/\/cenida.una.edu.ni\/index.php\/wp-json\/wp\/v2\/pages"}],"about":[{"href":"https:\/\/cenida.una.edu.ni\/index.php\/wp-json\/wp\/v2\/types\/page"}],"author":[{"embeddable":true,"href":"https:\/\/cenida.una.edu.ni\/index.php\/wp-json\/wp\/v2\/users\/1"}],"replies":[{"embeddable":true,"href":"https:\/\/cenida.una.edu.ni\/index.php\/wp-json\/wp\/v2\/comments?post=69"}],"version-history":[{"count":12,"href":"https:\/\/cenida.una.edu.ni\/index.php\/wp-json\/wp\/v2\/pages\/69\/revisions"}],"predecessor-version":[{"id":4420,"href":"https:\/\/cenida.una.edu.ni\/index.php\/wp-json\/wp\/v2\/pages\/69\/revisions\/4420"}],"wp:attachment":[{"href":"https:\/\/cenida.una.edu.ni\/index.php\/wp-json\/wp\/v2\/media?parent=69"}],"curies":[{"name":"wp","href":"https:\/\/api.w.org\/{rel}","templated":true}]}}