{"id":4520,"date":"2023-02-27T15:30:09","date_gmt":"2023-02-27T21:30:09","guid":{"rendered":"https:\/\/cenida.una.edu.ni\/?page_id=4520"},"modified":"2023-08-25T16:31:33","modified_gmt":"2023-08-25T22:31:33","slug":"boletin-de-recursos-de-informacion-agraria","status":"publish","type":"page","link":"https:\/\/cenida.una.edu.ni\/index.php\/boletin-de-recursos-de-informacion-agraria\/","title":{"rendered":"Bolet\u00edn Agrario"},"content":{"rendered":"\n<h4 class=\"wp-block-heading\"><a href=\"https:\/\/cenida.una.edu.ni\/boletin\/Boletin%20No.%2001%20del%202023.html\">Bolet\u00edn No 1. 2023<\/a><\/h4>\n\n\n\n<figure class=\"wp-block-image is-resized\"><img loading=\"lazy\" decoding=\"async\" src=\"https:\/\/cenida.una.edu.ni\/wp-content\/uploads\/2023\/02\/boletin1-1.jpg\" alt=\"\" class=\"wp-image-4560\" width=\"153\" height=\"177\" srcset=\"https:\/\/cenida.una.edu.ni\/wp-content\/uploads\/2023\/02\/boletin1-1.jpg 612w, https:\/\/cenida.una.edu.ni\/wp-content\/uploads\/2023\/02\/boletin1-1-260x300.jpg 260w\" sizes=\"auto, (max-width: 153px) 100vw, 153px\" \/><\/figure>\n\n\n\n<h4 class=\"wp-block-heading\"><a href=\"https:\/\/cenida.una.edu.ni\/boletin\/Boletin%20No.%202%20%20del%202023.html\">Bolet\u00edn No 2. 2023<\/a><\/h4>\n\n\n\n<figure class=\"wp-block-image is-resized\"><img loading=\"lazy\" decoding=\"async\" src=\"https:\/\/cenida.una.edu.ni\/wp-content\/uploads\/2023\/02\/boletin2-1.jpg\" alt=\"\" class=\"wp-image-4561\" width=\"151\" height=\"173\" srcset=\"https:\/\/cenida.una.edu.ni\/wp-content\/uploads\/2023\/02\/boletin2-1.jpg 604w, https:\/\/cenida.una.edu.ni\/wp-content\/uploads\/2023\/02\/boletin2-1-261x300.jpg 261w\" sizes=\"auto, (max-width: 151px) 100vw, 151px\" \/><\/figure>\n\n\n\n<h4 class=\"wp-block-heading\"><a href=\"https:\/\/cenida.una.edu.ni\/boletin\/Boletin%20No.%203%20del%202023.html\">Bolet\u00edn No 3. 2023<\/a><\/h4>\n\n\n\n<figure class=\"wp-block-image is-resized\"><img loading=\"lazy\" decoding=\"async\" src=\"https:\/\/cenida.una.edu.ni\/wp-content\/uploads\/2023\/02\/boletin3-1.jpg\" alt=\"\" class=\"wp-image-4562\" width=\"151\" height=\"175\" srcset=\"https:\/\/cenida.una.edu.ni\/wp-content\/uploads\/2023\/02\/boletin3-1.jpg 605w, https:\/\/cenida.una.edu.ni\/wp-content\/uploads\/2023\/02\/boletin3-1-259x300.jpg 259w\" sizes=\"auto, (max-width: 151px) 100vw, 151px\" \/><\/figure>\n\n\n\n<h4 class=\"wp-block-heading\"><a href=\"https:\/\/cenida.una.edu.ni\/boletin\/Boletin%20No.%204%20del%202023.html\">Bolet\u00edn No 4. 2023<\/a><\/h4>\n\n\n\n<figure class=\"wp-block-image is-resized\"><img loading=\"lazy\" decoding=\"async\" src=\"https:\/\/cenida.una.edu.ni\/wp-content\/uploads\/2023\/02\/boletin4-1.jpg\" alt=\"\" class=\"wp-image-4563\" width=\"150\" height=\"173\" srcset=\"https:\/\/cenida.una.edu.ni\/wp-content\/uploads\/2023\/02\/boletin4-1.jpg 601w, https:\/\/cenida.una.edu.ni\/wp-content\/uploads\/2023\/02\/boletin4-1-261x300.jpg 261w\" sizes=\"auto, (max-width: 150px) 100vw, 150px\" \/><\/figure>\n\n\n\n<h4 class=\"wp-block-heading\"><a href=\"https:\/\/cenida.una.edu.ni\/boletin\/Boletin%20No.%205%20del%202023.html\">Bolet\u00edn No 5. 2023<\/a><\/h4>\n\n\n\n<figure class=\"wp-block-image is-resized\"><img loading=\"lazy\" decoding=\"async\" src=\"https:\/\/cenida.una.edu.ni\/wp-content\/uploads\/2023\/02\/boletin5-1.jpg\" alt=\"\" class=\"wp-image-4564\" width=\"150\" height=\"176\" srcset=\"https:\/\/cenida.una.edu.ni\/wp-content\/uploads\/2023\/02\/boletin5-1.jpg 601w, https:\/\/cenida.una.edu.ni\/wp-content\/uploads\/2023\/02\/boletin5-1-256x300.jpg 256w\" sizes=\"auto, (max-width: 150px) 100vw, 150px\" \/><\/figure>\n\n\n\n<h4 class=\"wp-block-heading\"><a href=\"https:\/\/cenida.una.edu.ni\/boletin\/Boletin%20No.%206%20del%202023.html\">Bolet\u00edn No 6. 2023<\/a><\/h4>\n\n\n\n<figure class=\"wp-block-image is-resized\"><img loading=\"lazy\" decoding=\"async\" src=\"https:\/\/cenida.una.edu.ni\/wp-content\/uploads\/2023\/02\/boletin6-1.jpg\" alt=\"\" class=\"wp-image-4565\" width=\"151\" height=\"173\" srcset=\"https:\/\/cenida.una.edu.ni\/wp-content\/uploads\/2023\/02\/boletin6-1.jpg 602w, https:\/\/cenida.una.edu.ni\/wp-content\/uploads\/2023\/02\/boletin6-1-261x300.jpg 261w\" sizes=\"auto, (max-width: 151px) 100vw, 151px\" \/><\/figure>\n\n\n\n<h4 class=\"wp-block-heading\" id=\"mce_1\"><a href=\"https:\/\/cenida.una.edu.ni\/boletin\/Boletin%20No.%207%20del%202023.html\">Bolet\u00edn No 7. 2023<\/a><\/h4>\n\n\n\n<figure class=\"wp-block-image is-resized\"><img loading=\"lazy\" decoding=\"async\" src=\"https:\/\/cenida.una.edu.ni\/wp-content\/uploads\/2023\/03\/boletin7.png\" alt=\"\" class=\"wp-image-4620\" width=\"161\" height=\"196\" srcset=\"https:\/\/cenida.una.edu.ni\/wp-content\/uploads\/2023\/03\/boletin7.png 642w, https:\/\/cenida.una.edu.ni\/wp-content\/uploads\/2023\/03\/boletin7-246x300.png 246w\" sizes=\"auto, (max-width: 161px) 100vw, 161px\" \/><figcaption><br><\/figcaption><\/figure>\n\n\n\n<h4 class=\"wp-block-heading\" id=\"mce_2\"><a href=\"https:\/\/cenida.una.edu.ni\/boletin\/Boletin%20No.%208%20del%202023.html\">Bolet\u00edn No 8. 2023<\/a><\/h4>\n\n\n\n<figure class=\"wp-block-image is-resized\"><img loading=\"lazy\" decoding=\"async\" src=\"https:\/\/cenida.una.edu.ni\/wp-content\/uploads\/2023\/03\/boletin.jpg\" alt=\"\" class=\"wp-image-4625\" width=\"160\" height=\"200\"\/><\/figure>\n\n\n\n<h4 class=\"wp-block-heading\" id=\"mce_1\"><a href=\"https:\/\/cenida.una.edu.ni\/boletin\/Bolet%C3%ADn%20No.%209%20%20del%202023.html\">Bolet\u00edn No 9. 2023<\/a><\/h4>\n\n\n\n<figure class=\"wp-block-image is-resized\"><img loading=\"lazy\" decoding=\"async\" src=\"https:\/\/cenida.una.edu.ni\/wp-content\/uploads\/2023\/03\/boletin9.jpg\" alt=\"\" class=\"wp-image-4673\" width=\"159\" height=\"186\" srcset=\"https:\/\/cenida.una.edu.ni\/wp-content\/uploads\/2023\/03\/boletin9.jpg 634w, https:\/\/cenida.una.edu.ni\/wp-content\/uploads\/2023\/03\/boletin9-255x300.jpg 255w\" sizes=\"auto, (max-width: 159px) 100vw, 159px\" \/><figcaption><br><\/figcaption><\/figure>\n\n\n\n<h4 class=\"wp-block-heading\" id=\"mce_2\"><a href=\"https:\/\/cenida.una.edu.ni\/boletin\/Bolet%C3%ADn%20No.%2011%20del%202023.html\">Bolet\u00edn No 11. 2023\ufeff<\/a><\/h4>\n\n\n\n<figure class=\"wp-block-image is-resized\"><img loading=\"lazy\" decoding=\"async\" src=\"https:\/\/cenida.una.edu.ni\/wp-content\/uploads\/2023\/04\/boletin11.jpg\" alt=\"\" class=\"wp-image-4754\" width=\"167\" height=\"178\" srcset=\"https:\/\/cenida.una.edu.ni\/wp-content\/uploads\/2023\/04\/boletin11.jpg 666w, https:\/\/cenida.una.edu.ni\/wp-content\/uploads\/2023\/04\/boletin11-281x300.jpg 281w\" sizes=\"auto, (max-width: 167px) 100vw, 167px\" \/><\/figure>\n\n\n\n<h4 class=\"wp-block-heading\" id=\"mce_6\"><a href=\"https:\/\/cenida.una.edu.ni\/boletin\/Bolet%C3%ADn%20No.%2012%20del%202023.html\">Bolet\u00edn No 12. 2023<\/a><\/h4>\n\n\n\n<figure class=\"wp-block-image is-resized\"><img loading=\"lazy\" decoding=\"async\" src=\"https:\/\/cenida.una.edu.ni\/wp-content\/uploads\/2023\/05\/boletin12.jpg\" alt=\"\" class=\"wp-image-4885\" width=\"175\" height=\"157\" srcset=\"https:\/\/cenida.una.edu.ni\/wp-content\/uploads\/2023\/05\/boletin12.jpg 701w, https:\/\/cenida.una.edu.ni\/wp-content\/uploads\/2023\/05\/boletin12-300x269.jpg 300w\" sizes=\"auto, (max-width: 175px) 100vw, 175px\" \/><\/figure>\n\n\n\n<h4 class=\"wp-block-heading\"><a href=\"https:\/\/cenida.una.edu.ni\/boletin\/Bolet\u00edn%20No.%2013%20del%202023.html\">Bolet\u00edn No 13. 2023<\/a><\/h4>\n\n\n\n<figure class=\"wp-block-image is-resized\"><img loading=\"lazy\" decoding=\"async\" src=\"https:\/\/cenida.una.edu.ni\/wp-content\/uploads\/2023\/04\/boletin13.jpg\" alt=\"\" class=\"wp-image-4811\" width=\"168\" height=\"196\"\/><\/figure>\n\n\n\n<h4 class=\"wp-block-heading\" id=\"mce_1\"><a href=\"https:\/\/cenida.una.edu.ni\/boletin\/Bolet%c3%adn%20No.%2014%20%20del%202023.html\">Bolet\u00edn No 14. 2023<\/a><\/h4>\n\n\n\n<figure class=\"wp-block-image is-resized\"><img loading=\"lazy\" decoding=\"async\" src=\"https:\/\/cenida.una.edu.ni\/wp-content\/uploads\/2023\/05\/boletin14.jpg\" alt=\"\" class=\"wp-image-4917\" width=\"155\" height=\"173\" srcset=\"https:\/\/cenida.una.edu.ni\/wp-content\/uploads\/2023\/05\/boletin14.jpg 620w, https:\/\/cenida.una.edu.ni\/wp-content\/uploads\/2023\/05\/boletin14-268x300.jpg 268w\" sizes=\"auto, (max-width: 155px) 100vw, 155px\" \/><\/figure>\n\n\n\n<h4 class=\"wp-block-heading\"><a href=\"https:\/\/cenida.una.edu.ni\/boletin\/Bolet%C3%ADn%20No.%2015%20del%202023.html\">Bolet\u00edn No 15. 2023<\/a><\/h4>\n\n\n\n<figure class=\"wp-block-image is-resized\"><img loading=\"lazy\" decoding=\"async\" src=\"https:\/\/cenida.una.edu.ni\/wp-content\/uploads\/2023\/05\/boletin15.jpg\" alt=\"\" class=\"wp-image-4920\" width=\"157\" height=\"192\" srcset=\"https:\/\/cenida.una.edu.ni\/wp-content\/uploads\/2023\/05\/boletin15.jpg 629w, https:\/\/cenida.una.edu.ni\/wp-content\/uploads\/2023\/05\/boletin15-246x300.jpg 246w\" sizes=\"auto, (max-width: 157px) 100vw, 157px\" \/><\/figure>\n\n\n\n<h4 class=\"wp-block-heading\" id=\"mce_1\"><a href=\"https:\/\/cenida.una.edu.ni\/boletin\/Bolet%C3%ADn%20No.%2016%20del%202023.html\">Bolet\u00edn No 16. 2023<\/a><\/h4>\n\n\n\n<figure class=\"wp-block-image is-resized\"><img loading=\"lazy\" decoding=\"async\" src=\"https:\/\/cenida.una.edu.ni\/wp-content\/uploads\/2023\/05\/boletin16.jpg\" alt=\"\" class=\"wp-image-4966\" width=\"164\" height=\"200\"\/><\/figure>\n\n\n\n<h4 class=\"wp-block-heading\" id=\"mce_0\"><a href=\"https:\/\/cenida.una.edu.ni\/boletin\/Bolet%C3%ADn%20No.%2017%20del%202023.html\">Bolet\u00edn No 17. 2023<\/a><\/h4>\n\n\n\n<figure class=\"wp-block-image is-resized\"><img loading=\"lazy\" decoding=\"async\" src=\"https:\/\/cenida.una.edu.ni\/wp-content\/uploads\/2023\/06\/boletin17.jpg\" alt=\"\" class=\"wp-image-5017\" width=\"165\" height=\"188\" srcset=\"https:\/\/cenida.una.edu.ni\/wp-content\/uploads\/2023\/06\/boletin17.jpg 660w, https:\/\/cenida.una.edu.ni\/wp-content\/uploads\/2023\/06\/boletin17-264x300.jpg 264w\" sizes=\"auto, (max-width: 165px) 100vw, 165px\" \/><\/figure>\n\n\n\n<h4 class=\"wp-block-heading\" id=\"mce_0\"><a href=\"https:\/\/cenida.una.edu.ni\/boletin\/Bolet%C3%ADn%20No.%2018-19%20del%202023.html\">Bolet\u00edn No 18 &#8211; 19. 2023<\/a><\/h4>\n\n\n\n<figure class=\"wp-block-image is-resized\"><img loading=\"lazy\" decoding=\"async\" src=\"https:\/\/cenida.una.edu.ni\/wp-content\/uploads\/2023\/06\/boletin.jpg\" alt=\"\" class=\"wp-image-5077\" width=\"158\" height=\"187\" srcset=\"https:\/\/cenida.una.edu.ni\/wp-content\/uploads\/2023\/06\/boletin.jpg 633w, https:\/\/cenida.una.edu.ni\/wp-content\/uploads\/2023\/06\/boletin-254x300.jpg 254w\" sizes=\"auto, (max-width: 158px) 100vw, 158px\" \/><\/figure>\n\n\n\n<h4 class=\"wp-block-heading\" id=\"mce_0\"><a href=\"https:\/\/cenida.una.edu.ni\/boletin\/Bolet%c3%adn%20No.%2020%20%20del%202023.html\">Bolet\u00edn No 20. 2023<\/a><\/h4>\n\n\n\n<figure class=\"wp-block-image is-resized\"><img loading=\"lazy\" decoding=\"async\" src=\"https:\/\/cenida.una.edu.ni\/wp-content\/uploads\/2023\/07\/boletin20.jpg\" alt=\"\" class=\"wp-image-5150\" width=\"158\" height=\"160\" srcset=\"https:\/\/cenida.una.edu.ni\/wp-content\/uploads\/2023\/07\/boletin20.jpg 632w, https:\/\/cenida.una.edu.ni\/wp-content\/uploads\/2023\/07\/boletin20-297x300.jpg 297w\" sizes=\"auto, (max-width: 158px) 100vw, 158px\" \/><\/figure>\n\n\n\n<h4 class=\"wp-block-heading\" id=\"mce_2\"><a href=\"https:\/\/cenida.una.edu.ni\/boletin\/Bolet%c3%adn%20No.%2021%20del%202023.html\">Bolet\u00edn No 21. 2023<\/a><\/h4>\n\n\n\n<figure class=\"wp-block-image is-resized\"><img loading=\"lazy\" decoding=\"async\" src=\"https:\/\/cenida.una.edu.ni\/wp-content\/uploads\/2023\/07\/boletin21.jpg\" alt=\"\" class=\"wp-image-5156\" width=\"167\" height=\"139\" srcset=\"https:\/\/cenida.una.edu.ni\/wp-content\/uploads\/2023\/07\/boletin21.jpg 668w, https:\/\/cenida.una.edu.ni\/wp-content\/uploads\/2023\/07\/boletin21-300x250.jpg 300w\" sizes=\"auto, (max-width: 167px) 100vw, 167px\" \/><\/figure>\n\n\n\n<h4 class=\"wp-block-heading\" id=\"mce_0\"><a href=\"https:\/\/cenida.una.edu.ni\/boletin\/Bolet%c3%adn%20No.%2022%20del%202023.html\">Bolet\u00edn No 22. 2023<\/a><\/h4>\n\n\n\n<figure class=\"wp-block-image is-resized\"><img loading=\"lazy\" decoding=\"async\" src=\"https:\/\/cenida.una.edu.ni\/wp-content\/uploads\/2023\/08\/boletin22.jpg\" alt=\"\" class=\"wp-image-5194\" width=\"165\" height=\"167\" srcset=\"https:\/\/cenida.una.edu.ni\/wp-content\/uploads\/2023\/08\/boletin22.jpg 658w, https:\/\/cenida.una.edu.ni\/wp-content\/uploads\/2023\/08\/boletin22-295x300.jpg 295w\" sizes=\"auto, (max-width: 165px) 100vw, 165px\" \/><\/figure>\n\n\n\n<h4 class=\"wp-block-heading\" id=\"mce_1\"><a href=\"https:\/\/cenida.una.edu.ni\/boletin\/Bolet%c3%adn%20No.%2023%20del%202023.html\">Bolet\u00edn No 23. 2023<\/a><\/h4>\n\n\n\n<figure class=\"wp-block-image is-resized\"><img loading=\"lazy\" decoding=\"async\" src=\"https:\/\/cenida.una.edu.ni\/wp-content\/uploads\/2023\/08\/boletin23-1.jpg\" alt=\"\" class=\"wp-image-5200\" width=\"172\" height=\"188\" srcset=\"https:\/\/cenida.una.edu.ni\/wp-content\/uploads\/2023\/08\/boletin23-1.jpg 689w, https:\/\/cenida.una.edu.ni\/wp-content\/uploads\/2023\/08\/boletin23-1-276x300.jpg 276w\" sizes=\"auto, (max-width: 172px) 100vw, 172px\" \/><\/figure>\n\n\n\n<h4 class=\"wp-block-heading\" id=\"mce_1\"><a href=\"https:\/\/cenida.una.edu.ni\/boletin\/Bolet%c3%adn%20No.%2024%20del%202023.html\">Bolet\u00edn No 24. 2023<\/a><\/h4>\n\n\n\n<figure class=\"wp-block-image is-resized\"><img loading=\"lazy\" decoding=\"async\" src=\"https:\/\/cenida.una.edu.ni\/wp-content\/uploads\/2023\/08\/boletin24-2.jpg\" alt=\"\" class=\"wp-image-5235\" width=\"171\" height=\"169\" srcset=\"https:\/\/cenida.una.edu.ni\/wp-content\/uploads\/2023\/08\/boletin24-2.jpg 682w, https:\/\/cenida.una.edu.ni\/wp-content\/uploads\/2023\/08\/boletin24-2-300x298.jpg 300w\" sizes=\"auto, (max-width: 171px) 100vw, 171px\" \/><\/figure>\n\n\n\n<h4 class=\"wp-block-heading\"><a href=\"https:\/\/cenida.una.edu.ni\/boletin\/Bolet%C3%ADn%20No.%2025%20del%202023.html\" target=\"_blank\" rel=\"noreferrer noopener\" aria-label=\"Bolet\u00edn No 25. 2023 (opens in a new tab)\">Bolet\u00edn No 25. 2023<\/a><\/h4>\n\n\n\n<figure class=\"wp-block-image is-resized\"><img loading=\"lazy\" decoding=\"async\" src=\"https:\/\/cenida.una.edu.ni\/wp-content\/uploads\/2023\/08\/boletin25.jpg\" alt=\"\" class=\"wp-image-5253\" width=\"163\" height=\"182\" srcset=\"https:\/\/cenida.una.edu.ni\/wp-content\/uploads\/2023\/08\/boletin25.jpg 653w, https:\/\/cenida.una.edu.ni\/wp-content\/uploads\/2023\/08\/boletin25-269x300.jpg 269w\" sizes=\"auto, (max-width: 163px) 100vw, 163px\" \/><\/figure>\n\n\n\n<h4 class=\"wp-block-heading\"><a href=\"https:\/\/cenida.una.edu.ni\/boletin\/Bolet%C3%ADn%20No.%2026%20del%202023.html\">Bolet\u00edn No 26. 2023<\/a><\/h4>\n\n\n\n<figure class=\"wp-block-image is-resized\"><img loading=\"lazy\" decoding=\"async\" src=\"https:\/\/cenida.una.edu.ni\/wp-content\/uploads\/2023\/08\/boletin26.jpg\" alt=\"\" class=\"wp-image-5338\" width=\"159\" height=\"166\" srcset=\"https:\/\/cenida.una.edu.ni\/wp-content\/uploads\/2023\/08\/boletin26.jpg 635w, https:\/\/cenida.una.edu.ni\/wp-content\/uploads\/2023\/08\/boletin26-287x300.jpg 287w\" sizes=\"auto, (max-width: 159px) 100vw, 159px\" \/><\/figure>\n","protected":false},"excerpt":{"rendered":"<p>Bolet\u00edn No 1. 2023 Bolet\u00edn No 2. 2023 Bolet\u00edn No 3. 2023 Bolet\u00edn No 4. 2023 Bolet\u00edn No 5. 2023<\/p>\n","protected":false},"author":1,"featured_media":0,"parent":0,"menu_order":0,"comment_status":"closed","ping_status":"closed","template":"","meta":{"colormag_page_container_layout":"default_layout","colormag_page_sidebar_layout":"default_layout","footnotes":""},"class_list":["post-4520","page","type-page","status-publish","hentry"],"_links":{"self":[{"href":"https:\/\/cenida.una.edu.ni\/index.php\/wp-json\/wp\/v2\/pages\/4520","targetHints":{"allow":["GET"]}}],"collection":[{"href":"https:\/\/cenida.una.edu.ni\/index.php\/wp-json\/wp\/v2\/pages"}],"about":[{"href":"https:\/\/cenida.una.edu.ni\/index.php\/wp-json\/wp\/v2\/types\/page"}],"author":[{"embeddable":true,"href":"https:\/\/cenida.una.edu.ni\/index.php\/wp-json\/wp\/v2\/users\/1"}],"replies":[{"embeddable":true,"href":"https:\/\/cenida.una.edu.ni\/index.php\/wp-json\/wp\/v2\/comments?post=4520"}],"version-history":[{"count":45,"href":"https:\/\/cenida.una.edu.ni\/index.php\/wp-json\/wp\/v2\/pages\/4520\/revisions"}],"predecessor-version":[{"id":5339,"href":"https:\/\/cenida.una.edu.ni\/index.php\/wp-json\/wp\/v2\/pages\/4520\/revisions\/5339"}],"wp:attachment":[{"href":"https:\/\/cenida.una.edu.ni\/index.php\/wp-json\/wp\/v2\/media?parent=4520"}],"curies":[{"name":"wp","href":"https:\/\/api.w.org\/{rel}","templated":true}]}}