{"id":1026,"date":"2019-03-25T18:52:38","date_gmt":"2019-03-25T18:52:38","guid":{"rendered":"http:\/\/cenida.una.edu.ni\/?page_id=1026"},"modified":"2026-03-03T15:53:29","modified_gmt":"2026-03-03T21:53:29","slug":"veterinaria","status":"publish","type":"page","link":"https:\/\/cenida.una.edu.ni\/index.php\/veterinaria\/","title":{"rendered":"Veterinaria"},"content":{"rendered":"<h4 class=\"wp-block-heading\"><strong>Revista Salud Animal<\/strong><\/h4>\n\n\n<p>Revista Salud Animal tiene como misi\u00f3n difundir los resultados de investigaciones en la Salud Animal con temas de actualidad relacionados con fisiolog\u00eda, bioqu\u00edmica, calidad higi\u00e9nico sanitaria de la leche, biotecnolog\u00eda, biomodelos, aseguramiento y control de la calidad de diferentes procesos, an\u00e1lisis cl\u00ednico, ensayos precl\u00ednicos y cl\u00ednicos asociados al desarrollo de medicamentos para uso veterinario y humano, epidemiolog\u00eda, an\u00e1lisis de riesgos y su relaci\u00f3n con la vigilancia, prevenci\u00f3n y control de enfermedades, farmacolog\u00eda, gen\u00e9tica, diagn\u00f3stico veterinario cl\u00ednico y molecular, microbiolog\u00eda, inmunolog\u00eda, parasitolog\u00eda, patolog\u00eda, procesos productivos, reproducci\u00f3n animal, toxicolog\u00eda, an\u00e1lisis de contaminantes que afectan la salud animal y humana, zoohigiene, entre otros. Los art\u00edculos en idioma espa\u00f1ol e ingl\u00e9s y con un resumen en ambos idiomas, se revisan por pares en la modalidad de doble ciego por especialistas de diversas instituciones nacionales e internacionales que garantizan la calidad t\u00e9cnica y contenido de la revista. Est\u00e1 dirigida a profesionales y t\u00e9cnicos en el campo de la medicina veterinaria y ciencias afines. Se publica de forma ininterrumpida desde 1979.\u00a0<a href=\"https:\/\/revistas.censa.edu.cu\/index.php\/RSA\/index\" target=\"_blank\" rel=\"noreferrer noopener\">ENTRAR<\/a><\/p>\n\n\n<h4 class=\"wp-block-heading\"><strong>CLINVET<\/strong><\/h4>\n\n\n<p>M\u00e1s de 42000 veterinarios registrados, 11 revistas para veterinarios y 1 para ATVs, 118000 lecturas completadas cada a\u00f1o, 1051 autores de prestigio internacional, m\u00e1s de 980 art\u00edculos ya publicados de revisi\u00f3n, investigaci\u00f3n y casos cl\u00ednicos, y 10 nuevas publicaciones cada mes. <a href=\"https:\/\/revistas-veterinaria.multimedica.es\/\" target=\"_blank\" rel=\"noreferrer noopener\">ENTRAR<\/a><\/p>\n\n\n<h4 class=\"wp-block-heading\"><strong>Revista CES Medicina Veterinaria y Zootecnia<\/strong><\/h4>\n\n\n<p>La Revista CES Medicina Veterinaria y Zootecnia fue fundada en 2006. Es una publicaci\u00f3n de la Facultad de Medicina Veterinaria y Zootecnia de la Universidad CES, en la cual se publican art\u00edculos cient\u00edficos relacionados con estas dos \u00e1reas del conocimiento. Dirigida a los investigadores que buscan divulgar informaci\u00f3n cient\u00edfica de calidad acad\u00e9mica y que est\u00e1n dispuestos a someter sus obras ante pares evaluadores externos. Es una publicaci\u00f3n electr\u00f3nica, de periodicidad cuatrimestral y de acceso gratuito.  <a href=\"https:\/\/revistas.ces.edu.co\/index.php\/mvz\/\" target=\"_blank\" rel=\"noreferrer noopener\">ENTRAR<\/a><\/p>\n\n\n\n<p><\/p>\n\n\n\n<h4 class=\"wp-block-heading\"><strong> Organizaci\u00f3n Mundial de Sanidad Animal (OIE) <\/strong><\/h4>\n\n\n\n<p> Las publicaciones de la Organizaci\u00f3n Mundial de Sanidad Animal (OIE) son de un gran inter\u00e9s para la comunidad cient\u00edfica internacional y favorecen el progreso de la medicina veterinaria en el mundo. Esta documentaci\u00f3n recoge todos los temas de sanidad animal en el mundo entero, incluyendo sus normas y revistas internacionales as\u00ed como importantes cuestiones de actualidad, como por ejemplo las actas de conferencias mundiales.  <a href=\"http:\/\/www.oie.int\/es\/\" target=\"_blank\" rel=\"noreferrer noopener\" aria-label=\"ENTRAR (opens in a new tab)\">ENTRAR<\/a><\/p>\n\n\n\n<h4 class=\"wp-block-heading\"><strong>ReviVec &#8211; Revistas Cient\u00edficas de Veterinaria<\/strong><\/h4>\n\n\n\n<p><strong>ReviVec &#8211; Revistas Cient\u00edficas de Veterinaria<\/strong> re\u00fane a&nbsp; las principales publicaciones cient\u00edficas editadas en Espa\u00f1a, Portugal, Latino Am\u00e9rica y otros pa\u00edses del \u00e1mbito latino.  <a href=\"http:\/\/www.veterinaria.org\/index.php\/REDVET\" target=\"_blank\" rel=\"noreferrer noopener\" aria-label=\" (opens in a new tab)\">ENTRAR<\/a><\/p>\n\n\n\n<p><\/p>\n","protected":false},"excerpt":{"rendered":"<p>Revista Salud Animal Revista Salud Animal tiene como misi\u00f3n difundir los resultados de investigaciones en la Salud Animal con temas<\/p>\n","protected":false},"author":1,"featured_media":0,"parent":0,"menu_order":0,"comment_status":"closed","ping_status":"closed","template":"","meta":{"colormag_page_container_layout":"default_layout","colormag_page_sidebar_layout":"default_layout","footnotes":""},"class_list":["post-1026","page","type-page","status-publish","hentry"],"_links":{"self":[{"href":"https:\/\/cenida.una.edu.ni\/index.php\/wp-json\/wp\/v2\/pages\/1026","targetHints":{"allow":["GET"]}}],"collection":[{"href":"https:\/\/cenida.una.edu.ni\/index.php\/wp-json\/wp\/v2\/pages"}],"about":[{"href":"https:\/\/cenida.una.edu.ni\/index.php\/wp-json\/wp\/v2\/types\/page"}],"author":[{"embeddable":true,"href":"https:\/\/cenida.una.edu.ni\/index.php\/wp-json\/wp\/v2\/users\/1"}],"replies":[{"embeddable":true,"href":"https:\/\/cenida.una.edu.ni\/index.php\/wp-json\/wp\/v2\/comments?post=1026"}],"version-history":[{"count":7,"href":"https:\/\/cenida.una.edu.ni\/index.php\/wp-json\/wp\/v2\/pages\/1026\/revisions"}],"predecessor-version":[{"id":6156,"href":"https:\/\/cenida.una.edu.ni\/index.php\/wp-json\/wp\/v2\/pages\/1026\/revisions\/6156"}],"wp:attachment":[{"href":"https:\/\/cenida.una.edu.ni\/index.php\/wp-json\/wp\/v2\/media?parent=1026"}],"curies":[{"name":"wp","href":"https:\/\/api.w.org\/{rel}","templated":true}]}}